{"id":10,"date":"2022-03-22T23:30:03","date_gmt":"2022-03-22T22:30:03","guid":{"rendered":"http:\/\/hausarzt-hayen.de\/?page_id=10"},"modified":"2022-08-24T20:20:25","modified_gmt":"2022-08-24T18:20:25","slug":"leistungen","status":"publish","type":"page","link":"https:\/\/hausarzt-hayen.de\/index.php\/leistungen\/","title":{"rendered":"Leistungen"},"content":{"rendered":"\n<div class=\"wp-block-group category-group is-layout-flow wp-block-group-is-layout-flow\"><div class=\"wp-block-group__inner-container\">\n<div class=\"wp-block-columns is-not-stacked-on-mobile is-layout-flex wp-container-core-columns-layout-1 wp-block-columns-is-layout-flex\">\n<div class=\"wp-block-column is-layout-flow wp-block-column-is-layout-flow\" style=\"flex-basis:5rem\">\n<figure class=\"wp-block-image size-thumbnail is-resized nomargin\"><img loading=\"lazy\" decoding=\"async\" src=\"https:\/\/hausarzt-hayen.de\/wp-content\/uploads\/2022\/04\/cropped-Praxis-favicon-512-150x150.png\" alt=\"\" class=\"wp-image-35\" width=\"75\" height=\"75\" srcset=\"https:\/\/hausarzt-hayen.de\/wp-content\/uploads\/2022\/04\/cropped-Praxis-favicon-512-150x150.png 150w, https:\/\/hausarzt-hayen.de\/wp-content\/uploads\/2022\/04\/cropped-Praxis-favicon-512-300x300.png 300w, https:\/\/hausarzt-hayen.de\/wp-content\/uploads\/2022\/04\/cropped-Praxis-favicon-512-270x270.png 270w, https:\/\/hausarzt-hayen.de\/wp-content\/uploads\/2022\/04\/cropped-Praxis-favicon-512-192x192.png 192w, https:\/\/hausarzt-hayen.de\/wp-content\/uploads\/2022\/04\/cropped-Praxis-favicon-512-180x180.png 180w, https:\/\/hausarzt-hayen.de\/wp-content\/uploads\/2022\/04\/cropped-Praxis-favicon-512-32x32.png 32w, https:\/\/hausarzt-hayen.de\/wp-content\/uploads\/2022\/04\/cropped-Praxis-favicon-512.png 512w\" sizes=\"(max-width: 75px) 100vw, 75px\" \/><\/figure>\n<\/div>\n\n\n\n<div class=\"wp-block-column is-layout-flow wp-block-column-is-layout-flow\" style=\"flex-basis:100%\">\n<h2 class=\"has-text-color wp-block-heading\" style=\"color:#284474\">Standard\u00adleistungen<\/h2>\n<\/div>\n<\/div>\n\n\n\n<ul><li>Haus\u00e4rztliche Grundversorgung<\/li><li>Psychosomatische Grundversorgung<\/li><li>Impfungen<\/li><li>OP-Vorbereitung<\/li><li>Wundversorgung<\/li><li>Disease-Management-Programm (DMP)<ul><li>Chronikerprogramme f\u00fcr Patienten mit KHK, Diabetes mellitus Typ II, Asthma und COPD<\/li><\/ul><\/li><li>Laboruntersuchungen<\/li><li>Hausbesuche (nach telefonischer Vereinbarung)<\/li><\/ul>\n<\/div><\/div>\n\n\n\n<hr class=\"wp-block-separator has-css-opacity\"\/>\n\n\n\n<div class=\"wp-block-group category-group is-layout-flow wp-block-group-is-layout-flow\"><div class=\"wp-block-group__inner-container\">\n<div class=\"wp-block-columns is-not-stacked-on-mobile is-layout-flex wp-container-core-columns-layout-2 wp-block-columns-is-layout-flex\">\n<div class=\"wp-block-column is-layout-flow wp-block-column-is-layout-flow\" style=\"flex-basis:5rem\">\n<figure class=\"wp-block-image size-thumbnail is-resized nomargin\"><img loading=\"lazy\" decoding=\"async\" src=\"https:\/\/hausarzt-hayen.de\/wp-content\/uploads\/2022\/04\/cropped-Praxis-favicon-512-150x150.png\" alt=\"\" class=\"wp-image-35\" width=\"75\" height=\"75\" srcset=\"https:\/\/hausarzt-hayen.de\/wp-content\/uploads\/2022\/04\/cropped-Praxis-favicon-512-150x150.png 150w, https:\/\/hausarzt-hayen.de\/wp-content\/uploads\/2022\/04\/cropped-Praxis-favicon-512-300x300.png 300w, https:\/\/hausarzt-hayen.de\/wp-content\/uploads\/2022\/04\/cropped-Praxis-favicon-512-270x270.png 270w, https:\/\/hausarzt-hayen.de\/wp-content\/uploads\/2022\/04\/cropped-Praxis-favicon-512-192x192.png 192w, https:\/\/hausarzt-hayen.de\/wp-content\/uploads\/2022\/04\/cropped-Praxis-favicon-512-180x180.png 180w, https:\/\/hausarzt-hayen.de\/wp-content\/uploads\/2022\/04\/cropped-Praxis-favicon-512-32x32.png 32w, https:\/\/hausarzt-hayen.de\/wp-content\/uploads\/2022\/04\/cropped-Praxis-favicon-512.png 512w\" sizes=\"(max-width: 75px) 100vw, 75px\" \/><\/figure>\n<\/div>\n\n\n\n<div class=\"wp-block-column is-layout-flow wp-block-column-is-layout-flow\" style=\"flex-basis:100%\">\n<h2 class=\"has-text-color wp-block-heading\" style=\"color:#284474\">Vorsorge\u00adunter\u00adsuchungen<\/h2>\n<\/div>\n<\/div>\n\n\n\n<ul><li>Gesundheitsuntersuchung (ab 35 Lebensjahren alle drei Jahre)<\/li><li>Darmkrebs-Screening<\/li><li>Jugendschutzarbeitsuntersuchung<\/li><\/ul>\n<\/div><\/div>\n\n\n\n<hr class=\"wp-block-separator has-css-opacity\"\/>\n\n\n\n<div class=\"wp-block-group category-group is-layout-flow wp-block-group-is-layout-flow\"><div class=\"wp-block-group__inner-container\">\n<div class=\"wp-block-columns is-not-stacked-on-mobile is-layout-flex wp-container-core-columns-layout-3 wp-block-columns-is-layout-flex\">\n<div class=\"wp-block-column is-layout-flow wp-block-column-is-layout-flow\" style=\"flex-basis:5rem\">\n<figure class=\"wp-block-image size-thumbnail is-resized nomargin\"><img loading=\"lazy\" decoding=\"async\" src=\"https:\/\/hausarzt-hayen.de\/wp-content\/uploads\/2022\/04\/cropped-Praxis-favicon-512-150x150.png\" alt=\"\" class=\"wp-image-35\" width=\"75\" height=\"75\" srcset=\"https:\/\/hausarzt-hayen.de\/wp-content\/uploads\/2022\/04\/cropped-Praxis-favicon-512-150x150.png 150w, https:\/\/hausarzt-hayen.de\/wp-content\/uploads\/2022\/04\/cropped-Praxis-favicon-512-300x300.png 300w, https:\/\/hausarzt-hayen.de\/wp-content\/uploads\/2022\/04\/cropped-Praxis-favicon-512-270x270.png 270w, https:\/\/hausarzt-hayen.de\/wp-content\/uploads\/2022\/04\/cropped-Praxis-favicon-512-192x192.png 192w, https:\/\/hausarzt-hayen.de\/wp-content\/uploads\/2022\/04\/cropped-Praxis-favicon-512-180x180.png 180w, https:\/\/hausarzt-hayen.de\/wp-content\/uploads\/2022\/04\/cropped-Praxis-favicon-512-32x32.png 32w, https:\/\/hausarzt-hayen.de\/wp-content\/uploads\/2022\/04\/cropped-Praxis-favicon-512.png 512w\" sizes=\"(max-width: 75px) 100vw, 75px\" \/><\/figure>\n<\/div>\n\n\n\n<div class=\"wp-block-column is-layout-flow wp-block-column-is-layout-flow\" style=\"flex-basis:100%\">\n<h2 class=\"has-text-color wp-block-heading\" style=\"color:#284474\">Tech\u00adnische Unter\u00adsuchungen<\/h2>\n<\/div>\n<\/div>\n\n\n\n<ul><li>Ultraschalluntersuchungen von<ul><li>Bauchorganen<\/li><li>Schilddr\u00fcse<\/li><li>Gef\u00e4\u00dfen<\/li><\/ul><\/li><li>EKG<\/li><li>Langzeit-EKG-Messung<\/li><li>Langzeitblutdruckmessung<\/li><li>Belastungs-EKG (Ergometer)<\/li><li>Lungenfunktionstest und Pulsoxymetrie<\/li><\/ul>\n<\/div><\/div>\n\n\n\n<hr class=\"wp-block-separator has-css-opacity\"\/>\n\n\n\n<div class=\"wp-block-group category-group is-layout-flow wp-block-group-is-layout-flow\"><div class=\"wp-block-group__inner-container\">\n<div class=\"wp-block-columns is-not-stacked-on-mobile is-layout-flex wp-container-core-columns-layout-4 wp-block-columns-is-layout-flex\">\n<div class=\"wp-block-column is-layout-flow wp-block-column-is-layout-flow\" style=\"flex-basis:5rem\">\n<figure class=\"wp-block-image size-thumbnail is-resized nomargin\"><img loading=\"lazy\" decoding=\"async\" src=\"https:\/\/hausarzt-hayen.de\/wp-content\/uploads\/2022\/04\/cropped-Praxis-favicon-512-150x150.png\" alt=\"\" class=\"wp-image-35\" width=\"75\" height=\"75\" srcset=\"https:\/\/hausarzt-hayen.de\/wp-content\/uploads\/2022\/04\/cropped-Praxis-favicon-512-150x150.png 150w, https:\/\/hausarzt-hayen.de\/wp-content\/uploads\/2022\/04\/cropped-Praxis-favicon-512-300x300.png 300w, https:\/\/hausarzt-hayen.de\/wp-content\/uploads\/2022\/04\/cropped-Praxis-favicon-512-270x270.png 270w, https:\/\/hausarzt-hayen.de\/wp-content\/uploads\/2022\/04\/cropped-Praxis-favicon-512-192x192.png 192w, https:\/\/hausarzt-hayen.de\/wp-content\/uploads\/2022\/04\/cropped-Praxis-favicon-512-180x180.png 180w, https:\/\/hausarzt-hayen.de\/wp-content\/uploads\/2022\/04\/cropped-Praxis-favicon-512-32x32.png 32w, https:\/\/hausarzt-hayen.de\/wp-content\/uploads\/2022\/04\/cropped-Praxis-favicon-512.png 512w\" sizes=\"(max-width: 75px) 100vw, 75px\" \/><\/figure>\n<\/div>\n\n\n\n<div class=\"wp-block-column is-layout-flow wp-block-column-is-layout-flow\" style=\"flex-basis:100%\">\n<h2 class=\"has-text-color wp-block-heading\" style=\"color:#284474\">IGEL-Leistungen<\/h2>\n<\/div>\n<\/div>\n\n\n\n<h3 class=\"has-text-color has-small-font-size wp-block-heading\" style=\"color:#546788;text-transform:uppercase\">Zusatzleistungen, die nicht von der gesetzlichen Krankenkasse \u00fcbernommen werden<\/h3>\n\n\n\n<ul><li>Erweiterte Vorsorgeuntersuchung \/ Check-up<\/li><li>Ultraschall vom Herzen (Echokardiographie)<\/li><li>Reisemedizinische Beratung, Reiseimpfung und Reiseapotheke<\/li><li>Sporttauglichkeitsuntersuchungen<\/li><li>LKW-F\u00fchrerscheinuntersuchung<\/li><li>Labordiagnostik, z.\u2009B. Vitamin D, Vitamin B12, Selen etc.<\/li><li>Gesundheitsatteste<\/li><\/ul>\n<\/div><\/div>\n","protected":false},"excerpt":{"rendered":"<p>Standard\u00adleistungen Haus\u00e4rztliche Grundversorgung Psychosomatische Grundversorgung Impfungen OP-Vorbereitung Wundversorgung Disease-Management-Programm (DMP) Chronikerprogramme f\u00fcr Patienten mit KHK, Diabetes mellitus Typ II, Asthma und COPD Laboruntersuchungen Hausbesuche (nach telefonischer Vereinbarung) Vorsorge\u00adunter\u00adsuchungen Gesundheitsuntersuchung (ab 35 Lebensjahren alle drei Jahre) Darmkrebs-Screening Jugendschutzarbeitsuntersuchung Tech\u00adnische Unter\u00adsuchungen Ultraschalluntersuchungen von Bauchorganen Schilddr\u00fcse Gef\u00e4\u00dfen EKG Langzeit-EKG-Messung Langzeitblutdruckmessung Belastungs-EKG (Ergometer) Lungenfunktionstest und Pulsoxymetrie IGEL-Leistungen Zusatzleistungen, die [&hellip;]<\/p>\n","protected":false},"author":1,"featured_media":0,"parent":0,"menu_order":0,"comment_status":"closed","ping_status":"closed","template":"","meta":{"footnotes":""},"yoast_head":"<!-- This site is optimized with the Yoast SEO plugin v23.5 - https:\/\/yoast.com\/wordpress\/plugins\/seo\/ -->\n<title>Leistungen | Praxis Hayen<\/title>\n<meta name=\"description\" content=\"Praxis Hayen \u2013 Internistische Hausarztpraxis in Bassum | Bernd Hayen, Facharzt f\u00fcr Innere Medizin | Haus\u00e4rztliche Versorgung Bassum | Telefon 04241 9229099\" \/>\n<meta name=\"robots\" content=\"index, follow, max-snippet:-1, max-image-preview:large, max-video-preview:-1\" \/>\n<link rel=\"canonical\" href=\"https:\/\/hausarzt-hayen.de\/index.php\/leistungen\/\" \/>\n<meta property=\"og:locale\" content=\"de_DE\" \/>\n<meta property=\"og:type\" content=\"article\" \/>\n<meta property=\"og:title\" content=\"Leistungen | Praxis Hayen\" \/>\n<meta property=\"og:description\" content=\"Praxis Hayen \u2013 Internistische Hausarztpraxis in Bassum | Bernd Hayen, Facharzt f\u00fcr Innere Medizin | Haus\u00e4rztliche Versorgung Bassum | Telefon 04241 9229099\" \/>\n<meta property=\"og:url\" content=\"https:\/\/hausarzt-hayen.de\/index.php\/leistungen\/\" \/>\n<meta property=\"og:site_name\" content=\"Praxis Hayen\" \/>\n<meta property=\"article:modified_time\" content=\"2022-08-24T18:20:25+00:00\" \/>\n<meta property=\"og:image\" content=\"http:\/\/hausarzt-hayen.de\/wp-content\/uploads\/2022\/04\/cropped-Praxis-favicon-512-150x150.png\" \/>\n<meta name=\"twitter:card\" content=\"summary_large_image\" \/>\n<script type=\"application\/ld+json\" class=\"yoast-schema-graph\">{\"@context\":\"https:\/\/schema.org\",\"@graph\":[{\"@type\":\"WebPage\",\"@id\":\"https:\/\/hausarzt-hayen.de\/index.php\/leistungen\/\",\"url\":\"https:\/\/hausarzt-hayen.de\/index.php\/leistungen\/\",\"name\":\"Leistungen | Praxis Hayen\",\"isPartOf\":{\"@id\":\"https:\/\/hausarzt-hayen.de\/#website\"},\"primaryImageOfPage\":{\"@id\":\"https:\/\/hausarzt-hayen.de\/index.php\/leistungen\/#primaryimage\"},\"image\":{\"@id\":\"https:\/\/hausarzt-hayen.de\/index.php\/leistungen\/#primaryimage\"},\"thumbnailUrl\":\"http:\/\/hausarzt-hayen.de\/wp-content\/uploads\/2022\/04\/cropped-Praxis-favicon-512-150x150.png\",\"datePublished\":\"2022-03-22T22:30:03+00:00\",\"dateModified\":\"2022-08-24T18:20:25+00:00\",\"description\":\"Praxis Hayen \u2013 Internistische Hausarztpraxis in Bassum | Bernd Hayen, Facharzt f\u00fcr Innere Medizin | Haus\u00e4rztliche Versorgung Bassum | Telefon 04241 9229099\",\"breadcrumb\":{\"@id\":\"https:\/\/hausarzt-hayen.de\/index.php\/leistungen\/#breadcrumb\"},\"inLanguage\":\"de-DE\",\"potentialAction\":[{\"@type\":\"ReadAction\",\"target\":[\"https:\/\/hausarzt-hayen.de\/index.php\/leistungen\/\"]}]},{\"@type\":\"ImageObject\",\"inLanguage\":\"de-DE\",\"@id\":\"https:\/\/hausarzt-hayen.de\/index.php\/leistungen\/#primaryimage\",\"url\":\"http:\/\/hausarzt-hayen.de\/wp-content\/uploads\/2022\/04\/cropped-Praxis-favicon-512-150x150.png\",\"contentUrl\":\"http:\/\/hausarzt-hayen.de\/wp-content\/uploads\/2022\/04\/cropped-Praxis-favicon-512-150x150.png\"},{\"@type\":\"BreadcrumbList\",\"@id\":\"https:\/\/hausarzt-hayen.de\/index.php\/leistungen\/#breadcrumb\",\"itemListElement\":[{\"@type\":\"ListItem\",\"position\":1,\"name\":\"Startseite\",\"item\":\"https:\/\/hausarzt-hayen.de\/\"},{\"@type\":\"ListItem\",\"position\":2,\"name\":\"Leistungen\"}]},{\"@type\":\"WebSite\",\"@id\":\"https:\/\/hausarzt-hayen.de\/#website\",\"url\":\"https:\/\/hausarzt-hayen.de\/\",\"name\":\"Praxis Hayen\",\"description\":\"\",\"publisher\":{\"@id\":\"https:\/\/hausarzt-hayen.de\/#organization\"},\"potentialAction\":[{\"@type\":\"SearchAction\",\"target\":{\"@type\":\"EntryPoint\",\"urlTemplate\":\"https:\/\/hausarzt-hayen.de\/?s={search_term_string}\"},\"query-input\":{\"@type\":\"PropertyValueSpecification\",\"valueRequired\":true,\"valueName\":\"search_term_string\"}}],\"inLanguage\":\"de-DE\"},{\"@type\":\"Organization\",\"@id\":\"https:\/\/hausarzt-hayen.de\/#organization\",\"name\":\"Praxis Hayen\",\"url\":\"https:\/\/hausarzt-hayen.de\/\",\"logo\":{\"@type\":\"ImageObject\",\"inLanguage\":\"de-DE\",\"@id\":\"https:\/\/hausarzt-hayen.de\/#\/schema\/logo\/image\/\",\"url\":\"https:\/\/hausarzt-hayen.de\/wp-content\/uploads\/2022\/04\/Logo-Praxis-Hayen.png\",\"contentUrl\":\"https:\/\/hausarzt-hayen.de\/wp-content\/uploads\/2022\/04\/Logo-Praxis-Hayen.png\",\"width\":3900,\"height\":1250,\"caption\":\"Praxis Hayen\"},\"image\":{\"@id\":\"https:\/\/hausarzt-hayen.de\/#\/schema\/logo\/image\/\"}}]}<\/script>\n<!-- \/ Yoast SEO plugin. -->","yoast_head_json":{"title":"Leistungen | Praxis Hayen","description":"Praxis Hayen \u2013 Internistische Hausarztpraxis in Bassum | Bernd Hayen, Facharzt f\u00fcr Innere Medizin | Haus\u00e4rztliche Versorgung Bassum | Telefon 04241 9229099","robots":{"index":"index","follow":"follow","max-snippet":"max-snippet:-1","max-image-preview":"max-image-preview:large","max-video-preview":"max-video-preview:-1"},"canonical":"https:\/\/hausarzt-hayen.de\/index.php\/leistungen\/","og_locale":"de_DE","og_type":"article","og_title":"Leistungen | Praxis Hayen","og_description":"Praxis Hayen \u2013 Internistische Hausarztpraxis in Bassum | Bernd Hayen, Facharzt f\u00fcr Innere Medizin | Haus\u00e4rztliche Versorgung Bassum | Telefon 04241 9229099","og_url":"https:\/\/hausarzt-hayen.de\/index.php\/leistungen\/","og_site_name":"Praxis Hayen","article_modified_time":"2022-08-24T18:20:25+00:00","og_image":[{"url":"http:\/\/hausarzt-hayen.de\/wp-content\/uploads\/2022\/04\/cropped-Praxis-favicon-512-150x150.png"}],"twitter_card":"summary_large_image","schema":{"@context":"https:\/\/schema.org","@graph":[{"@type":"WebPage","@id":"https:\/\/hausarzt-hayen.de\/index.php\/leistungen\/","url":"https:\/\/hausarzt-hayen.de\/index.php\/leistungen\/","name":"Leistungen | Praxis Hayen","isPartOf":{"@id":"https:\/\/hausarzt-hayen.de\/#website"},"primaryImageOfPage":{"@id":"https:\/\/hausarzt-hayen.de\/index.php\/leistungen\/#primaryimage"},"image":{"@id":"https:\/\/hausarzt-hayen.de\/index.php\/leistungen\/#primaryimage"},"thumbnailUrl":"http:\/\/hausarzt-hayen.de\/wp-content\/uploads\/2022\/04\/cropped-Praxis-favicon-512-150x150.png","datePublished":"2022-03-22T22:30:03+00:00","dateModified":"2022-08-24T18:20:25+00:00","description":"Praxis Hayen \u2013 Internistische Hausarztpraxis in Bassum | Bernd Hayen, Facharzt f\u00fcr Innere Medizin | Haus\u00e4rztliche Versorgung Bassum | Telefon 04241 9229099","breadcrumb":{"@id":"https:\/\/hausarzt-hayen.de\/index.php\/leistungen\/#breadcrumb"},"inLanguage":"de-DE","potentialAction":[{"@type":"ReadAction","target":["https:\/\/hausarzt-hayen.de\/index.php\/leistungen\/"]}]},{"@type":"ImageObject","inLanguage":"de-DE","@id":"https:\/\/hausarzt-hayen.de\/index.php\/leistungen\/#primaryimage","url":"http:\/\/hausarzt-hayen.de\/wp-content\/uploads\/2022\/04\/cropped-Praxis-favicon-512-150x150.png","contentUrl":"http:\/\/hausarzt-hayen.de\/wp-content\/uploads\/2022\/04\/cropped-Praxis-favicon-512-150x150.png"},{"@type":"BreadcrumbList","@id":"https:\/\/hausarzt-hayen.de\/index.php\/leistungen\/#breadcrumb","itemListElement":[{"@type":"ListItem","position":1,"name":"Startseite","item":"https:\/\/hausarzt-hayen.de\/"},{"@type":"ListItem","position":2,"name":"Leistungen"}]},{"@type":"WebSite","@id":"https:\/\/hausarzt-hayen.de\/#website","url":"https:\/\/hausarzt-hayen.de\/","name":"Praxis Hayen","description":"","publisher":{"@id":"https:\/\/hausarzt-hayen.de\/#organization"},"potentialAction":[{"@type":"SearchAction","target":{"@type":"EntryPoint","urlTemplate":"https:\/\/hausarzt-hayen.de\/?s={search_term_string}"},"query-input":{"@type":"PropertyValueSpecification","valueRequired":true,"valueName":"search_term_string"}}],"inLanguage":"de-DE"},{"@type":"Organization","@id":"https:\/\/hausarzt-hayen.de\/#organization","name":"Praxis Hayen","url":"https:\/\/hausarzt-hayen.de\/","logo":{"@type":"ImageObject","inLanguage":"de-DE","@id":"https:\/\/hausarzt-hayen.de\/#\/schema\/logo\/image\/","url":"https:\/\/hausarzt-hayen.de\/wp-content\/uploads\/2022\/04\/Logo-Praxis-Hayen.png","contentUrl":"https:\/\/hausarzt-hayen.de\/wp-content\/uploads\/2022\/04\/Logo-Praxis-Hayen.png","width":3900,"height":1250,"caption":"Praxis Hayen"},"image":{"@id":"https:\/\/hausarzt-hayen.de\/#\/schema\/logo\/image\/"}}]}},"_links":{"self":[{"href":"https:\/\/hausarzt-hayen.de\/index.php\/wp-json\/wp\/v2\/pages\/10"}],"collection":[{"href":"https:\/\/hausarzt-hayen.de\/index.php\/wp-json\/wp\/v2\/pages"}],"about":[{"href":"https:\/\/hausarzt-hayen.de\/index.php\/wp-json\/wp\/v2\/types\/page"}],"author":[{"embeddable":true,"href":"https:\/\/hausarzt-hayen.de\/index.php\/wp-json\/wp\/v2\/users\/1"}],"replies":[{"embeddable":true,"href":"https:\/\/hausarzt-hayen.de\/index.php\/wp-json\/wp\/v2\/comments?post=10"}],"version-history":[{"count":43,"href":"https:\/\/hausarzt-hayen.de\/index.php\/wp-json\/wp\/v2\/pages\/10\/revisions"}],"predecessor-version":[{"id":398,"href":"https:\/\/hausarzt-hayen.de\/index.php\/wp-json\/wp\/v2\/pages\/10\/revisions\/398"}],"wp:attachment":[{"href":"https:\/\/hausarzt-hayen.de\/index.php\/wp-json\/wp\/v2\/media?parent=10"}],"curies":[{"name":"wp","href":"https:\/\/api.w.org\/{rel}","templated":true}]}}